{"id":853,"date":"2021-09-05T16:20:13","date_gmt":"2021-09-05T14:20:13","guid":{"rendered":"https:\/\/kapucynkiostrow.pl\/?page_id=853"},"modified":"2021-09-05T23:28:35","modified_gmt":"2021-09-05T21:28:35","slug":"zycie-modlitwy","status":"publish","type":"page","link":"https:\/\/kapucynkiostrow.pl\/index.php\/nasze-zycie\/zycie-modlitwy\/","title":{"rendered":"\u017cycie modlitwy"},"content":{"rendered":"\n<p class=\"has-text-align-center\">Jako duchowe c\u00f3rki \u015bw. Klary zachowujemy Regu\u0142\u0119 \u015bw. Klary wed\u0142ug pierwotnego ducha, okre\u015blonego w jej Testamencie.<\/p>\n\n\n\n<div class=\"wp-block-image\"><figure class=\"aligncenter size-full\"><img fetchpriority=\"high\" decoding=\"async\" width=\"498\" height=\"225\" src=\"https:\/\/kapucynkiostrow.pl\/wp-content\/uploads\/2021\/09\/chor3.jpg\" alt=\"\" class=\"wp-image-855\" srcset=\"https:\/\/kapucynkiostrow.pl\/wp-content\/uploads\/2021\/09\/chor3.jpg 498w, https:\/\/kapucynkiostrow.pl\/wp-content\/uploads\/2021\/09\/chor3-300x136.jpg 300w\" sizes=\"(max-width: 498px) 100vw, 498px\" \/><\/figure><\/div>\n\n\n\n<p class=\"has-text-align-center\">Podstaw\u0105 naszej duchowo\u015bci s\u0105 s\u0142owa \u015bw. Klary, kt\u00f3ra w swej Regule poleci\u0142a ?zachowywa\u0107 \u015bwi\u0119t\u0105 Ewangeli\u0119 Pana naszego Jezusa Chrystusa, \u017cyj\u0105c w pos\u0142usze\u0144stwie, bez w\u0142asno\u015bci i w czysto\u015bci?. Podobnie jak Klara, tak\u017ce i jej duchowe c\u00f3rki trwa\u0142y i nadal trwaj\u0105 na modlitwie, aby wstawia\u0107 si\u0119 za \u015bwiat. Siostry, pozostaj\u0105c w klauzurze, zgodnie z zaleceniem Ko\u015bcio\u0142a, ?zachowuj\u0105 zawsze, cho\u0107by nagli\u0142a konieczno\u015b\u0107 czynnego apostolstwa, wyborn\u0105 cz\u0105stk\u0119 w Mistycznym Ciele Chrystusa&#8230; Bogu bowiem sk\u0142adaj\u0105 doskona\u0142a ofiar\u0119 chwa\u0142y, a ludowi Bo\u017cemu dodaj\u0105 blasku&#8230; i przyczyniaj\u0105 si\u0119 do jego wzrostu dzi\u0119ki tajemniczej p\u0142odno\u015bci apostolskiej? (Sob\u00f3r Watyka\u0144ski II) <\/p>\n\n\n\n<div class=\"wp-block-image\"><figure class=\"aligncenter size-full\"><img decoding=\"async\" width=\"500\" height=\"225\" src=\"https:\/\/kapucynkiostrow.pl\/wp-content\/uploads\/2021\/09\/wirydarz-d.jpg\" alt=\"\" class=\"wp-image-854\" srcset=\"https:\/\/kapucynkiostrow.pl\/wp-content\/uploads\/2021\/09\/wirydarz-d.jpg 500w, https:\/\/kapucynkiostrow.pl\/wp-content\/uploads\/2021\/09\/wirydarz-d-300x135.jpg 300w\" sizes=\"(max-width: 500px) 100vw, 500px\" \/><\/figure><\/div>\n\n\n\n<p class=\"has-text-align-center\">Centrum naszego \u017cycia kontemplacyjnego jest liturgia, przede wszystkim udzia\u0142 w Eucharystii i Liturgii Godzin. Za przyk\u0142adem \u015bw. Franciszka i \u015bw. Klary z wielk\u0105 pobo\u017cno\u015bci\u0105 czcimy Jezusa obecnego w Naj\u015bwi\u0119tszym Sakramencie i uwielbiamy Go jako duchowe ognisko wsp\u00f3lnoty. Codziennie mamy godzin\u0119 adoracji przed wystawionym Naj\u015bwi\u0119tszym Sakramentem, a w ka\u017cdy Pierwszy Czwartek miesi\u0105ca mamy ca\u0142odobow\u0105 adoracj\u0119. \u017bycie duchowe nie ogranicza si\u0119 do udzia\u0142u w samej tylko Liturgii, dlatego r\u00f3wnie wa\u017cne miejsce zajmuje w naszym \u017cyciu medytacja i modlitwa osobista. Nasza Regu\u0142a zaleca nam, aby po\u015bwi\u0119ci\u0107 medytacji przynajmniej dwie godziny dziennie.<\/p>\n\n\n\n<div class=\"wp-block-image\"><figure class=\"aligncenter size-full\"><img decoding=\"async\" width=\"250\" height=\"309\" src=\"https:\/\/kapucynkiostrow.pl\/wp-content\/uploads\/2021\/09\/nr-14.jpg\" alt=\"\" class=\"wp-image-856\" srcset=\"https:\/\/kapucynkiostrow.pl\/wp-content\/uploads\/2021\/09\/nr-14.jpg 250w, https:\/\/kapucynkiostrow.pl\/wp-content\/uploads\/2021\/09\/nr-14-243x300.jpg 243w\" sizes=\"(max-width: 250px) 100vw, 250px\" \/><\/figure><\/div>\n\n\n\n<p class=\"has-text-align-center\">?Szcz\u0119\u015bliwi, kt\u00f3rzy mieszkaj\u0105 w domu Twoim, Panie, nieustannie wielbi\u0105c Ciebie, Szcz\u0119\u015bliwi, kt\u00f3rych moc jest w Tobie&#8230;.? (Ps 84)<br>?\u015apiewajcie Panu, s\u0142awcie Jego imi\u0119, s\u0142awcie Jego imi\u0119, Ka\u017cdego dnia g\u0142o\u015bcie Jego Zbawienie?<br>?\u015apiewajcie psalm wszyscy mi\u0142uj\u0105cy Pana i pami\u0119tajcie o Jego \u015bwi\u0119to\u015bci?<br>?\u015apiewajcie Panu przy wt\u00f3rze cytry, przy wt\u00f3rze cytry i przy d\u017awi\u0119kach harfy &#8230; radujcie si\u0119 przed Obliczem Pana, Kr\u00f3la? (Ps. 98)<\/p>\n","protected":false},"excerpt":{"rendered":"<p>Jako duchowe c\u00f3rki \u015bw. Klary zachowujemy Regu\u0142\u0119 \u015bw. Klary wed\u0142ug pierwotnego ducha, okre\u015blonego w jej Testamencie. Podstaw\u0105 naszej duchowo\u015bci s\u0105 [&hellip;]<\/p>\n","protected":false},"author":1,"featured_media":0,"parent":425,"menu_order":0,"comment_status":"closed","ping_status":"closed","template":"","meta":{"_monsterinsights_skip_tracking":false,"_monsterinsights_sitenote_active":false,"_monsterinsights_sitenote_note":"","_monsterinsights_sitenote_category":0,"site-sidebar-layout":"default","site-content-layout":"","ast-site-content-layout":"default","site-content-style":"default","site-sidebar-style":"default","ast-global-header-display":"","ast-banner-title-visibility":"","ast-main-header-display":"","ast-hfb-above-header-display":"","ast-hfb-below-header-display":"","ast-hfb-mobile-header-display":"","site-post-title":"","ast-breadcrumbs-content":"","ast-featured-img":"","footer-sml-layout":"","ast-disable-related-posts":"","theme-transparent-header-meta":"","adv-header-id-meta":"","stick-header-meta":"","header-above-stick-meta":"","header-main-stick-meta":"","header-below-stick-meta":"","astra-migrate-meta-layouts":"default","ast-page-background-enabled":"default","ast-page-background-meta":{"desktop":{"background-color":"var(--ast-global-color-5)","background-image":"","background-repeat":"repeat","background-position":"center center","background-size":"auto","background-attachment":"scroll","background-type":"","background-media":"","overlay-type":"","overlay-color":"","overlay-opacity":"","overlay-gradient":""},"tablet":{"background-color":"","background-image":"","background-repeat":"repeat","background-position":"center center","background-size":"auto","background-attachment":"scroll","background-type":"","background-media":"","overlay-type":"","overlay-color":"","overlay-opacity":"","overlay-gradient":""},"mobile":{"background-color":"","background-image":"","background-repeat":"repeat","background-position":"center center","background-size":"auto","background-attachment":"scroll","background-type":"","background-media":"","overlay-type":"","overlay-color":"","overlay-opacity":"","overlay-gradient":""}},"ast-content-background-meta":{"desktop":{"background-color":"var(--ast-global-color-4)","background-image":"","background-repeat":"repeat","background-position":"center center","background-size":"auto","background-attachment":"scroll","background-type":"","background-media":"","overlay-type":"","overlay-color":"","overlay-opacity":"","overlay-gradient":""},"tablet":{"background-color":"var(--ast-global-color-4)","background-image":"","background-repeat":"repeat","background-position":"center center","background-size":"auto","background-attachment":"scroll","background-type":"","background-media":"","overlay-type":"","overlay-color":"","overlay-opacity":"","overlay-gradient":""},"mobile":{"background-color":"var(--ast-global-color-4)","background-image":"","background-repeat":"repeat","background-position":"center center","background-size":"auto","background-attachment":"scroll","background-type":"","background-media":"","overlay-type":"","overlay-color":"","overlay-opacity":"","overlay-gradient":""}},"ngg_post_thumbnail":0,"footnotes":""},"class_list":["post-853","page","type-page","status-publish","hentry"],"_links":{"self":[{"href":"https:\/\/kapucynkiostrow.pl\/index.php\/wp-json\/wp\/v2\/pages\/853","targetHints":{"allow":["GET"]}}],"collection":[{"href":"https:\/\/kapucynkiostrow.pl\/index.php\/wp-json\/wp\/v2\/pages"}],"about":[{"href":"https:\/\/kapucynkiostrow.pl\/index.php\/wp-json\/wp\/v2\/types\/page"}],"author":[{"embeddable":true,"href":"https:\/\/kapucynkiostrow.pl\/index.php\/wp-json\/wp\/v2\/users\/1"}],"replies":[{"embeddable":true,"href":"https:\/\/kapucynkiostrow.pl\/index.php\/wp-json\/wp\/v2\/comments?post=853"}],"version-history":[{"count":1,"href":"https:\/\/kapucynkiostrow.pl\/index.php\/wp-json\/wp\/v2\/pages\/853\/revisions"}],"predecessor-version":[{"id":857,"href":"https:\/\/kapucynkiostrow.pl\/index.php\/wp-json\/wp\/v2\/pages\/853\/revisions\/857"}],"up":[{"embeddable":true,"href":"https:\/\/kapucynkiostrow.pl\/index.php\/wp-json\/wp\/v2\/pages\/425"}],"wp:attachment":[{"href":"https:\/\/kapucynkiostrow.pl\/index.php\/wp-json\/wp\/v2\/media?parent=853"}],"curies":[{"name":"wp","href":"https:\/\/api.w.org\/{rel}","templated":true}]}}