{"id":237,"date":"2021-05-29T21:54:45","date_gmt":"2021-05-29T19:54:45","guid":{"rendered":"https:\/\/kapucynkiostrow.pl\/?page_id=237"},"modified":"2026-01-07T15:32:00","modified_gmt":"2026-01-07T14:32:00","slug":"linki","status":"publish","type":"page","link":"https:\/\/kapucynkiostrow.pl\/index.php\/linki\/","title":{"rendered":"linki"},"content":{"rendered":"\n<div class=\"wp-block-media-text alignwide is-stacked-on-mobile\" style=\"grid-template-columns:19% auto\"><figure class=\"wp-block-media-text__media\"><img decoding=\"async\" width=\"200\" height=\"90\" src=\"https:\/\/kapucynkiostrow.pl\/wp-content\/uploads\/2021\/05\/baner-Brwin.m.jpg\" alt=\"\" class=\"wp-image-239 size-full\"\/><\/figure><div class=\"wp-block-media-text__content\">\n<p class=\"has-large-font-size\"><a href=\"https:\/\/www.klaryski-kapucynki.pl\/index.php\">Klasztor Klarysek Kapucynek w Brwinowie<\/a><\/p>\n<\/div><\/div>\n\n\n\n<div class=\"wp-block-media-text alignwide is-stacked-on-mobile\" style=\"grid-template-columns:19% auto\"><figure class=\"wp-block-media-text__media\"><a href=\"http:\/\/kapucynki.pl\/\" target=\"_blank\" rel=\"noopener\"><img decoding=\"async\" width=\"200\" height=\"90\" src=\"https:\/\/kapucynkiostrow.pl\/wp-content\/uploads\/2021\/05\/baner-m.Krakow.jpg\" alt=\"\" class=\"wp-image-240 size-full\"\/><\/a><\/figure><div class=\"wp-block-media-text__content\">\n<p class=\"has-large-font-size\"><a rel=\"noreferrer noopener\" href=\"http:\/\/kapucynki.pl\/\" data-type=\"URL\" data-id=\"http:\/\/kapucynki.pl\/\" target=\"_blank\">Klasztor Klarysek Kapucynek w Krakowie<\/a><\/p>\n<\/div><\/div>\n\n\n\n<div class=\"wp-block-media-text alignwide is-stacked-on-mobile\" style=\"grid-template-columns:19% auto\"><figure class=\"wp-block-media-text__media\"><img decoding=\"async\" width=\"200\" height=\"90\" src=\"https:\/\/kapucynkiostrow.pl\/wp-content\/uploads\/2021\/05\/baner-Przasnysz.m.jpg\" alt=\"\" class=\"wp-image-242 size-full\"\/><\/figure><div class=\"wp-block-media-text__content\">\n<p class=\"has-large-font-size\"><a href=\"https:\/\/klaryskikapucynki.pl\/\" data-type=\"URL\" data-id=\"https:\/\/klaryskikapucynki.pl\/\" target=\"_blank\" rel=\"noreferrer noopener\">Klasztor Klarysek Kapucynek w Przasnyszu<\/a><\/p>\n<\/div><\/div>\n\n\n\n<div class=\"wp-block-media-text alignwide is-stacked-on-mobile\" style=\"grid-template-columns:19% auto\"><figure class=\"wp-block-media-text__media\"><a href=\"http:\/\/kapucynkiszczytno.pl\/\" target=\"_blank\" rel=\"noopener\"><img loading=\"lazy\" decoding=\"async\" width=\"200\" height=\"90\" src=\"https:\/\/kapucynkiostrow.pl\/wp-content\/uploads\/2021\/05\/baner-Szczytno.m.jpg\" alt=\"\" class=\"wp-image-243 size-full\"\/><\/a><\/figure><div class=\"wp-block-media-text__content\">\n<p class=\"has-large-font-size\"><a href=\"http:\/\/www.kapucynkiszczytno.pl\" target=\"_blank\" rel=\"noreferrer noopener\">Klasztor Klarysek Kapucynek w Szczytnie<\/a><\/p>\n<\/div><\/div>\n\n\n\n<div class=\"wp-block-media-text alignwide is-stacked-on-mobile\" style=\"grid-template-columns:19% auto\"><figure class=\"wp-block-media-text__media\"><a href=\"https:\/\/klaryskikapucynki.info\/\" target=\"_blank\" rel=\"noopener\"><img loading=\"lazy\" decoding=\"async\" width=\"200\" height=\"90\" src=\"https:\/\/kapucynkiostrow.pl\/wp-content\/uploads\/2021\/05\/baner-Wykrot.m.jpg\" alt=\"\" class=\"wp-image-244 size-full\"\/><\/a><\/figure><div class=\"wp-block-media-text__content\">\n<p class=\"has-large-font-size\"><a href=\"https:\/\/klaryskikapucynki.info\/\" data-type=\"URL\" data-id=\"https:\/\/klaryskikapucynki.info\/\" target=\"_blank\" rel=\"noreferrer noopener\">Klasztor Klarysek Kapucynek w Wykrocie<\/a><\/p>\n<\/div><\/div>\n\n\n\n<div class=\"wp-block-media-text alignwide is-stacked-on-mobile\" style=\"grid-template-columns:19% auto\"><figure class=\"wp-block-media-text__media\"><a href=\"https:\/\/www.ofmcap.org\/pl\/\" target=\"_blank\" rel=\"noopener\"><img loading=\"lazy\" decoding=\"async\" width=\"200\" height=\"73\" src=\"https:\/\/kapucynkiostrow.pl\/wp-content\/uploads\/2021\/05\/Kuria-Generalna.jpg\" alt=\"\" class=\"wp-image-247 size-full\"\/><\/a><\/figure><div class=\"wp-block-media-text__content\">\n<p class=\"has-large-font-size\"><a href=\"https:\/\/www.ofmcap.org\/pl\/\" target=\"_blank\" rel=\"noreferrer noopener\">Bracia Mniejsi Kapucyni Kuria Generalna<\/a><\/p>\n<\/div><\/div>\n\n\n\n<div class=\"wp-block-media-text alignwide is-stacked-on-mobile\" style=\"grid-template-columns:19% auto\"><figure class=\"wp-block-media-text__media\"><a href=\"https:\/\/kapucyni.pl\" target=\"_blank\" rel=\"noopener\"><img loading=\"lazy\" decoding=\"async\" width=\"200\" height=\"90\" src=\"https:\/\/kapucynkiostrow.pl\/wp-content\/uploads\/2021\/05\/220x92.jpg\" alt=\"\" class=\"wp-image-238 size-full\"\/><\/a><\/figure><div class=\"wp-block-media-text__content\">\n<p class=\"has-large-font-size\"><a href=\"https:\/\/kapucyni.pl\" data-type=\"URL\" data-id=\"https:\/\/kapucyni.pl\" target=\"_blank\" rel=\"noreferrer noopener\">Bracia Mniejsi Kapucyni w Polsce<\/a><\/p>\n<\/div><\/div>\n\n\n\n<div class=\"wp-block-media-text alignwide is-stacked-on-mobile\" style=\"grid-template-columns:19% auto\"><figure class=\"wp-block-media-text__media\"><a href=\"https:\/\/www.vatican.va\/content\/vatican\/pl.html\" target=\"_blank\" rel=\"noopener\"><img loading=\"lazy\" decoding=\"async\" width=\"200\" height=\"66\" src=\"https:\/\/kapucynkiostrow.pl\/wp-content\/uploads\/2021\/05\/vatik.ban_.jpg\" alt=\"\" class=\"wp-image-249 size-full\"\/><\/a><\/figure><div class=\"wp-block-media-text__content\">\n<p class=\"has-large-font-size\"><a href=\"https:\/\/www.vatican.va\/content\/vatican\/pl.html\" target=\"_blank\" rel=\"noreferrer noopener\">Stolica Apostolska<\/a><\/p>\n<\/div><\/div>\n\n\n\n<div class=\"wp-block-media-text alignwide is-stacked-on-mobile\" style=\"grid-template-columns:19% auto\"><figure class=\"wp-block-media-text__media\"><a href=\"http:\/\/www.klauzura.katolik.pl\/xhtml\/\" target=\"_blank\" rel=\"noopener\"><img loading=\"lazy\" decoding=\"async\" width=\"200\" height=\"90\" src=\"https:\/\/kapucynkiostrow.pl\/wp-content\/uploads\/2021\/05\/konf.baner_.jpg\" alt=\"\" class=\"wp-image-246 size-full\"\/><\/a><\/figure><div class=\"wp-block-media-text__content\">\n<p><a href=\"http:\/\/www.klauzura.katolik.pl\/xhtml\/\" target=\"_blank\" rel=\"noreferrer noopener\">&nbsp;Konferencja Prze\u0142o\u017conych \u017be\u0144skich Klasztor\u00f3w<br>&nbsp; Kontemplacyjnych w Polsce<\/a><\/p>\n<\/div><\/div>\n\n\n\n<div class=\"wp-block-media-text alignwide is-stacked-on-mobile\" style=\"grid-template-columns:19% auto\"><figure class=\"wp-block-media-text__media\"><a href=\"https:\/\/episkopat.pl\/\" target=\"_blank\" rel=\"noopener\"><img loading=\"lazy\" decoding=\"async\" width=\"200\" height=\"90\" src=\"https:\/\/kapucynkiostrow.pl\/wp-content\/uploads\/2021\/05\/TLO_YT_2015.jpg\" alt=\"\" class=\"wp-image-268 size-full\"\/><\/a><\/figure><div class=\"wp-block-media-text__content\">\n<p class=\"has-large-font-size\"><a rel=\"noreferrer noopener\" href=\"http:\/\/episkopat.pl\/\" target=\"_blank\">Konferencja Episkopatu Polski<\/a><\/p>\n<\/div><\/div>\n\n\n\n<div class=\"wp-block-media-text alignwide is-stacked-on-mobile\" style=\"grid-template-columns:19% auto\"><figure class=\"wp-block-media-text__media\"><a href=\"https:\/\/diecezja.kalisz.pl\" target=\"_blank\" rel=\"noopener\"><img loading=\"lazy\" decoding=\"async\" width=\"200\" height=\"90\" src=\"https:\/\/kapucynkiostrow.pl\/wp-content\/uploads\/2021\/05\/diec.kal_.m.jpg\" alt=\"\" class=\"wp-image-245 size-full\"\/><\/a><\/figure><div class=\"wp-block-media-text__content\">\n<p class=\"has-large-font-size\"><a rel=\"noreferrer noopener\" href=\"http:\/\/www.diecezja.kalisz.pl\/\" target=\"_blank\">&nbsp; Diecezja Kaliska<\/a><\/p>\n<\/div><\/div>\n\n\n\n<div class=\"wp-block-media-text alignwide is-stacked-on-mobile\" style=\"grid-template-columns:19% auto\"><figure class=\"wp-block-media-text__media\"><a href=\"http:\/\/konkatedra-ostrowwlkp.pl\/\" target=\"_blank\" rel=\"noopener\"><img loading=\"lazy\" decoding=\"async\" width=\"200\" height=\"90\" src=\"https:\/\/kapucynkiostrow.pl\/wp-content\/uploads\/2021\/05\/logo-konkat.jpg\" alt=\"\" class=\"wp-image-248 size-full\"\/><\/a><\/figure><div class=\"wp-block-media-text__content\">\n<p><a href=\"http:\/\/konkatedra-ostrowwlkp.pl\/\" target=\"_blank\" rel=\"noreferrer noopener\">Parafia Rzymskokatolicka pw. \u015bw. Stanis\u0142awa Biskupa M\u0119czennika w Ostrowie Wielkopolskim &nbsp;<\/a><\/p>\n<\/div><\/div>\n","protected":false},"excerpt":{"rendered":"<p>Klasztor Klarysek Kapucynek w Brwinowie Klasztor Klarysek Kapucynek w Krakowie Klasztor Klarysek Kapucynek w Przasnyszu Klasztor Klarysek Kapucynek w Szczytnie [&hellip;]<\/p>\n","protected":false},"author":1,"featured_media":0,"parent":0,"menu_order":0,"comment_status":"closed","ping_status":"closed","template":"","meta":{"_monsterinsights_skip_tracking":false,"_monsterinsights_sitenote_active":false,"_monsterinsights_sitenote_note":"","_monsterinsights_sitenote_category":0,"site-sidebar-layout":"default","site-content-layout":"","ast-site-content-layout":"default","site-content-style":"default","site-sidebar-style":"default","ast-global-header-display":"","ast-banner-title-visibility":"","ast-main-header-display":"","ast-hfb-above-header-display":"","ast-hfb-below-header-display":"","ast-hfb-mobile-header-display":"","site-post-title":"","ast-breadcrumbs-content":"","ast-featured-img":"","footer-sml-layout":"","ast-disable-related-posts":"","theme-transparent-header-meta":"","adv-header-id-meta":"","stick-header-meta":"","header-above-stick-meta":"","header-main-stick-meta":"","header-below-stick-meta":"","astra-migrate-meta-layouts":"default","ast-page-background-enabled":"default","ast-page-background-meta":{"desktop":{"background-color":"var(--ast-global-color-5)","background-image":"","background-repeat":"repeat","background-position":"center center","background-size":"auto","background-attachment":"scroll","background-type":"","background-media":"","overlay-type":"","overlay-color":"","overlay-opacity":"","overlay-gradient":""},"tablet":{"background-color":"","background-image":"","background-repeat":"repeat","background-position":"center center","background-size":"auto","background-attachment":"scroll","background-type":"","background-media":"","overlay-type":"","overlay-color":"","overlay-opacity":"","overlay-gradient":""},"mobile":{"background-color":"","background-image":"","background-repeat":"repeat","background-position":"center center","background-size":"auto","background-attachment":"scroll","background-type":"","background-media":"","overlay-type":"","overlay-color":"","overlay-opacity":"","overlay-gradient":""}},"ast-content-background-meta":{"desktop":{"background-color":"var(--ast-global-color-4)","background-image":"","background-repeat":"repeat","background-position":"center center","background-size":"auto","background-attachment":"scroll","background-type":"","background-media":"","overlay-type":"","overlay-color":"","overlay-opacity":"","overlay-gradient":""},"tablet":{"background-color":"var(--ast-global-color-4)","background-image":"","background-repeat":"repeat","background-position":"center center","background-size":"auto","background-attachment":"scroll","background-type":"","background-media":"","overlay-type":"","overlay-color":"","overlay-opacity":"","overlay-gradient":""},"mobile":{"background-color":"var(--ast-global-color-4)","background-image":"","background-repeat":"repeat","background-position":"center center","background-size":"auto","background-attachment":"scroll","background-type":"","background-media":"","overlay-type":"","overlay-color":"","overlay-opacity":"","overlay-gradient":""}},"ngg_post_thumbnail":0,"footnotes":""},"class_list":["post-237","page","type-page","status-publish","hentry"],"_links":{"self":[{"href":"https:\/\/kapucynkiostrow.pl\/index.php\/wp-json\/wp\/v2\/pages\/237","targetHints":{"allow":["GET"]}}],"collection":[{"href":"https:\/\/kapucynkiostrow.pl\/index.php\/wp-json\/wp\/v2\/pages"}],"about":[{"href":"https:\/\/kapucynkiostrow.pl\/index.php\/wp-json\/wp\/v2\/types\/page"}],"author":[{"embeddable":true,"href":"https:\/\/kapucynkiostrow.pl\/index.php\/wp-json\/wp\/v2\/users\/1"}],"replies":[{"embeddable":true,"href":"https:\/\/kapucynkiostrow.pl\/index.php\/wp-json\/wp\/v2\/comments?post=237"}],"version-history":[{"count":15,"href":"https:\/\/kapucynkiostrow.pl\/index.php\/wp-json\/wp\/v2\/pages\/237\/revisions"}],"predecessor-version":[{"id":3219,"href":"https:\/\/kapucynkiostrow.pl\/index.php\/wp-json\/wp\/v2\/pages\/237\/revisions\/3219"}],"wp:attachment":[{"href":"https:\/\/kapucynkiostrow.pl\/index.php\/wp-json\/wp\/v2\/media?parent=237"}],"curies":[{"name":"wp","href":"https:\/\/api.w.org\/{rel}","templated":true}]}}