{"id":1496,"date":"2021-11-18T10:58:58","date_gmt":"2021-11-18T09:58:58","guid":{"rendered":"https:\/\/kapucynkiostrow.pl\/?page_id=1496"},"modified":"2025-05-22T16:15:07","modified_gmt":"2025-05-22T14:15:07","slug":"s-konsolata-betrone-literatura","status":"publish","type":"page","link":"https:\/\/kapucynkiostrow.pl\/index.php\/s-konsolata-betrone-literatura\/","title":{"rendered":"S. Konsolata Betrone &#8211; literatura i media"},"content":{"rendered":"\t\t<div data-elementor-type=\"wp-page\" data-elementor-id=\"1496\" class=\"elementor elementor-1496\">\n\t\t\t\t<div class=\"elementor-element elementor-element-8dd685a e-grid e-con-boxed e-con e-parent\" data-id=\"8dd685a\" data-element_type=\"container\" data-e-type=\"container\">\n\t\t\t\t\t<div class=\"e-con-inner\">\n\t\t\t\t<div class=\"elementor-element elementor-element-bbe6610 elementor-widget elementor-widget-image\" data-id=\"bbe6610\" data-element_type=\"widget\" data-e-type=\"widget\" data-widget_type=\"image.default\">\n\t\t\t\t<div class=\"elementor-widget-container\">\n\t\t\t\t\t\t\t\t\t\t\t\t\t\t\t<img decoding=\"async\" width=\"200\" height=\"150\" src=\"https:\/\/kapucynkiostrow.pl\/wp-content\/uploads\/2021\/11\/oredzie.jpg\" class=\"attachment-large size-large wp-image-1497\" alt=\"\" \/>\t\t\t\t\t\t\t\t\t\t\t\t\t\t\t<\/div>\n\t\t\t\t<\/div>\n\t\t\t\t<div class=\"elementor-element elementor-element-a4d51c3 elementor-widget elementor-widget-text-editor\" data-id=\"a4d51c3\" data-element_type=\"widget\" data-e-type=\"widget\" data-widget_type=\"text-editor.default\">\n\t\t\t\t<div class=\"elementor-widget-container\">\n\t\t\t\t\t\t\t\t\t<p>Najnowsze, IV wydanie OR\u0118DZIE SERCA JEZUSA DO \u015aWIATA<br \/>autorstwa O. Lorenzo Sales &#8211; Misjonarza Matki Bo\u017cej Pocieszenia,<br \/>jej spowiednika i kierownika duchowego.<br \/>Jest to podstawowa pozycja dotycz\u0105ca tej duchowej drogi <br \/>&#8211; <em>Najmniejszej Drogi Mi\u0142o\u015bci<\/em>.<\/p>\n<p><a href=\"https:\/\/wydawnictwo.sercanie.pl\/pl\/p\/Oredzie-milosci-Serca-Jezusa-do-swiata\/35\">wyd. Dehon 2019 r.<\/a> <br \/>(dost\u0119pna tak\u017ce w naszym klasztorze)<\/p>\t\t\t\t\t\t\t\t<\/div>\n\t\t\t\t<\/div>\n\t\t\t\t<div class=\"elementor-element elementor-element-cab733f elementor-widget elementor-widget-image\" data-id=\"cab733f\" data-element_type=\"widget\" data-e-type=\"widget\" data-widget_type=\"image.default\">\n\t\t\t\t<div class=\"elementor-widget-container\">\n\t\t\t\t\t\t\t\t\t\t\t\t\t\t\t<img fetchpriority=\"high\" decoding=\"async\" width=\"490\" height=\"650\" src=\"https:\/\/kapucynkiostrow.pl\/wp-content\/uploads\/2025\/05\/traktat2.jpg\" class=\"attachment-large size-large wp-image-2959\" alt=\"\" srcset=\"https:\/\/kapucynkiostrow.pl\/wp-content\/uploads\/2025\/05\/traktat2.jpg 490w, https:\/\/kapucynkiostrow.pl\/wp-content\/uploads\/2025\/05\/traktat2-226x300.jpg 226w\" sizes=\"(max-width: 490px) 100vw, 490px\" \/>\t\t\t\t\t\t\t\t\t\t\t\t\t\t\t<\/div>\n\t\t\t\t<\/div>\n\t\t\t\t<div class=\"elementor-element elementor-element-4636d24 elementor-widget elementor-widget-text-editor\" data-id=\"4636d24\" data-element_type=\"widget\" data-e-type=\"widget\" data-widget_type=\"text-editor.default\">\n\t\t\t\t<div class=\"elementor-widget-container\">\n\t\t\t\t\t\t\t\t\t<p>\u00a0<\/p><p>TRAKTAT O MALE\u0143KIEJ DRODZE MI\u0141O\u015aCI<br \/>tak\u017ce autorstwa O. Lorenzo Sales &#8211; Misjonarza Matki Bo\u017cej Pocieszenia,<br \/>jej spowiednika i kierownika duchowego. <br \/>Przybli\u017ca praktyczne aspekty kroczenia <em>Najmniejsz\u0105 Drog\u0105 Mi\u0142o\u015bci<\/em> <br \/>w formie pyta\u0144 i odpowiedzi.<\/p><p><a href=\"https:\/\/wydawnictwo.sercanie.pl\/pl\/p\/Traktat-o-malenkiej-drodze-milosci\/103\">wyd. Dehon 2023 r.<\/a><\/p><p>\u00a0<\/p>\t\t\t\t\t\t\t\t<\/div>\n\t\t\t\t<\/div>\n\t\t\t\t<div class=\"elementor-element elementor-element-fb281f8 elementor-widget elementor-widget-image\" data-id=\"fb281f8\" data-element_type=\"widget\" data-e-type=\"widget\" data-widget_type=\"image.default\">\n\t\t\t\t<div class=\"elementor-widget-container\">\n\t\t\t\t\t\t\t\t\t\t\t\t\t\t\t<img decoding=\"async\" width=\"200\" height=\"150\" src=\"https:\/\/kapucynkiostrow.pl\/wp-content\/uploads\/2021\/11\/doktorat.jpg\" class=\"attachment-large size-large wp-image-1499\" alt=\"\" \/>\t\t\t\t\t\t\t\t\t\t\t\t\t\t\t<\/div>\n\t\t\t\t<\/div>\n\t\t\t\t<div class=\"elementor-element elementor-element-179119c elementor-widget elementor-widget-text-editor\" data-id=\"179119c\" data-element_type=\"widget\" data-e-type=\"widget\" data-widget_type=\"text-editor.default\">\n\t\t\t\t<div class=\"elementor-widget-container\">\n\t\t\t\t\t\t\t\t\t<p>&#8222;MALE\u0143KA DROGA MI\u0141O\u015aCI&#8221; JAKO STYL \u017bYCIA CHRZE\u015aCIJA\u0143SKIEGO <br \/>WED\u0141UG S. KONSOLATY &#8211; praca doktorska S. Jadwigi Danieli Chwa\u0142ek CFS<br \/>Bardzo warto\u015bciowa praca, przybli\u017caj\u0105ca <em>Najmniejsz\u0105<\/em> <em>Drog\u0119 Mi\u0142o\u015bci<\/em> wsp\u00f3\u0142czesnemu czytelnikowi. Staraniem dr Luciany Mirri (redaktorki <em>Positio<\/em> S. Konsolaty i wi\u0119kszo\u015bci w\u0142oskich ksi\u0105\u017cek dotycz\u0105cych jej osoby) i przy jej wsp\u00f3\u0142pracy planuje si\u0119 wydanie t\u0142umaczenia tej\u017ce ksi\u0105\u017cki na j\u0119zyk w\u0142oski.<\/p>\n<p><a href=\"https:\/\/wydawnictwo.sercanie.pl\/pl\/p\/Malenka-droga-milosci-jako-styl-zycia-chrzescijanskiego-wedlug-s.-Konsolaty-Betrone-19003-1946\/171\">wyd. Dehon 2018 r.<\/a><\/p>\t\t\t\t\t\t\t\t<\/div>\n\t\t\t\t<\/div>\n\t\t\t\t<div class=\"elementor-element elementor-element-a09cfde elementor-widget elementor-widget-image\" data-id=\"a09cfde\" data-element_type=\"widget\" data-e-type=\"widget\" data-widget_type=\"image.default\">\n\t\t\t\t<div class=\"elementor-widget-container\">\n\t\t\t\t\t\t\t\t\t\t\t\t\t\t\t<img loading=\"lazy\" decoding=\"async\" width=\"800\" height=\"617\" src=\"https:\/\/kapucynkiostrow.pl\/wp-content\/uploads\/2021\/11\/Dziennik.jpg\" class=\"attachment-large size-large wp-image-1501\" alt=\"\" srcset=\"https:\/\/kapucynkiostrow.pl\/wp-content\/uploads\/2021\/11\/Dziennik.jpg 800w, https:\/\/kapucynkiostrow.pl\/wp-content\/uploads\/2021\/11\/Dziennik-300x231.jpg 300w, https:\/\/kapucynkiostrow.pl\/wp-content\/uploads\/2021\/11\/Dziennik-768x592.jpg 768w\" sizes=\"(max-width: 800px) 100vw, 800px\" \/>\t\t\t\t\t\t\t\t\t\t\t\t\t\t\t<\/div>\n\t\t\t\t<\/div>\n\t\t\t\t<div class=\"elementor-element elementor-element-b92d16e elementor-widget elementor-widget-text-editor\" data-id=\"b92d16e\" data-element_type=\"widget\" data-e-type=\"widget\" data-widget_type=\"text-editor.default\">\n\t\t\t\t<div class=\"elementor-widget-container\">\n\t\t\t\t\t\t\t\t\t<p>ZAPISKI W CH\u00d3RZE &#8211; Dzienniki to zbi\u00f3r duchowych notatek Czcigodnej S\u0142ugi Bo\u017cej S. Konsolaty Betrone klaryski kapucynki. Podczas, gdy pierwsze wydanie <em>Or\u0119dzia <\/em>w j\u0119zyku w\u0142oskim ukaza\u0142o si\u0119 kr\u00f3tko po jej \u015bmierci 18 lipca 1946 r., <em>Appunti in coro <\/em>pojawi\u0142y si\u0119 dopiero w roku 2006. Tak wi\u0119c wydanie polskie ukazuje si\u0119 stosunkowo pr\u0119dko&#8230; Lektura wydaje si\u0119 by\u0107 dedykowana osobom ju\u017c nieco orientuj\u0105cym si\u0119 w temacie.<\/p>\n<p><a href=\"https:\/\/stanislawbm.pl\/zapiski-w-chorze-dzienniki\/3-238-200\">wyd. Wydawnictwo \u015awi\u0119tego Stanis\u0142awa BM 2021 r.<\/a><\/p>\t\t\t\t\t\t\t\t<\/div>\n\t\t\t\t<\/div>\n\t\t\t\t<div class=\"elementor-element elementor-element-4c516fb elementor-widget elementor-widget-image\" data-id=\"4c516fb\" data-element_type=\"widget\" data-e-type=\"widget\" data-widget_type=\"image.default\">\n\t\t\t\t<div class=\"elementor-widget-container\">\n\t\t\t\t\t\t\t\t\t\t\t\t\t\t\t<img loading=\"lazy\" decoding=\"async\" width=\"1000\" height=\"813\" src=\"https:\/\/kapucynkiostrow.pl\/wp-content\/uploads\/2021\/11\/3plom.jpg\" class=\"attachment-large size-large wp-image-1536\" alt=\"\" srcset=\"https:\/\/kapucynkiostrow.pl\/wp-content\/uploads\/2021\/11\/3plom.jpg 1000w, https:\/\/kapucynkiostrow.pl\/wp-content\/uploads\/2021\/11\/3plom-300x244.jpg 300w, https:\/\/kapucynkiostrow.pl\/wp-content\/uploads\/2021\/11\/3plom-768x624.jpg 768w\" sizes=\"(max-width: 1000px) 100vw, 1000px\" \/>\t\t\t\t\t\t\t\t\t\t\t\t\t\t\t<\/div>\n\t\t\t\t<\/div>\n\t\t\t\t<div class=\"elementor-element elementor-element-ee4f514 elementor-widget elementor-widget-text-editor\" data-id=\"ee4f514\" data-element_type=\"widget\" data-e-type=\"widget\" data-widget_type=\"text-editor.default\">\n\t\t\t\t<div class=\"elementor-widget-container\">\n\t\t\t\t\t\t\t\t\t<p>TRZY P\u0141OMIENIE Z\u0141\u0104CZONE W JEDEN &#8211; to jakby druga cze\u015b\u0107 <em>Or\u0119dzia, <\/em>na samym pocz\u0105tku O. Lorenzo Sales napisa\u0142 ksi\u0105\u017ck\u0119 <em>Siostra Konsolata Betrone<\/em>, kt\u00f3ra zawiera\u0142a zar\u00f3wno informacje biograficzne, jak i tre\u015b\u0107 <em>Or\u0119dzia<\/em> przekazanego s\u0142udze Bo\u017cej przez Pana Jezusa. Nast\u0119pnie &#8222;wy\u0142uska\u0142&#8221; to, co najwa\u017cniejsze w samym przes\u0142aniu i w wielu i licznych nak\u0142adach wychodzi\u0142o <em>Or\u0119dzie mi\u0142o\u015bci Serca Jezusa do \u015bwiata<\/em>.<em> Trzy P\u0142omienie<\/em> s\u0105 jakby brakuj\u0105c\u0105 cz\u0119\u015bci\u0105 tej pierwszej ksi\u0105\u017cki O. Lorenzo. Ksi\u0105\u017cka skupia si\u0119 na biografii S. Konsolaty, jej prze\u017cywaniu drogi duchowej, kt\u00f3r\u0105 pod\u0105\u017ca\u0142a.<\/p>\n<p>wyd. Agape 2021 r.<br \/>(dost\u0119pna tylko w naszym klasztorze)<\/p>\t\t\t\t\t\t\t\t<\/div>\n\t\t\t\t<\/div>\n\t\t\t\t<div class=\"elementor-element elementor-element-ea062ec elementor-widget elementor-widget-image\" data-id=\"ea062ec\" data-element_type=\"widget\" data-e-type=\"widget\" data-widget_type=\"image.default\">\n\t\t\t\t<div class=\"elementor-widget-container\">\n\t\t\t\t\t\t\t\t\t\t\t\t\t\t\t<img loading=\"lazy\" decoding=\"async\" width=\"600\" height=\"649\" src=\"https:\/\/kapucynkiostrow.pl\/wp-content\/uploads\/2025\/05\/Giuseppedatorino.jpg\" class=\"attachment-large size-large wp-image-2961\" alt=\"\" srcset=\"https:\/\/kapucynkiostrow.pl\/wp-content\/uploads\/2025\/05\/Giuseppedatorino.jpg 600w, https:\/\/kapucynkiostrow.pl\/wp-content\/uploads\/2025\/05\/Giuseppedatorino-277x300.jpg 277w\" sizes=\"(max-width: 600px) 100vw, 600px\" \/>\t\t\t\t\t\t\t\t\t\t\t\t\t\t\t<\/div>\n\t\t\t\t<\/div>\n\t\t\t\t<div class=\"elementor-element elementor-element-797d0d3 elementor-widget elementor-widget-text-editor\" data-id=\"797d0d3\" data-element_type=\"widget\" data-e-type=\"widget\" data-widget_type=\"text-editor.default\">\n\t\t\t\t<div class=\"elementor-widget-container\">\n\t\t\t\t\t\t\t\t\t<p>\u00a0<\/p><p>SIOSTRA KONSOLATA BETRONE<br \/>MNISZKA KAPUCYNKA<br \/>Napisana przez O. Giuseppe Maria da Torino, spowiednika Si\u00f3str Klarysek Kapucynek, na podstawie \u015bwiadectw, jakie przy kratach klasztor\u00f3w w Turynie Borgo Po i Moncalieri z\u0142o\u017cy\u0142y siostry, kt\u00f3re \u017cy\u0142y na co dzie\u0144 z siostr\u0105 Konsolat\u0105.<\/p><p>wyd. Bernardinum 2025<br \/>(dost\u0119pna tylko w naszym klasztorze)<\/p>\t\t\t\t\t\t\t\t<\/div>\n\t\t\t\t<\/div>\n\t\t\t\t<div class=\"elementor-element elementor-element-5a5a447 elementor-widget elementor-widget-image\" data-id=\"5a5a447\" data-element_type=\"widget\" data-e-type=\"widget\" data-widget_type=\"image.default\">\n\t\t\t\t<div class=\"elementor-widget-container\">\n\t\t\t\t\t\t\t\t\t\t\t\t\t\t\t<img loading=\"lazy\" decoding=\"async\" width=\"420\" height=\"650\" src=\"https:\/\/kapucynkiostrow.pl\/wp-content\/uploads\/2025\/05\/malenka.jpg\" class=\"attachment-large size-large wp-image-2962\" alt=\"\" srcset=\"https:\/\/kapucynkiostrow.pl\/wp-content\/uploads\/2025\/05\/malenka.jpg 420w, https:\/\/kapucynkiostrow.pl\/wp-content\/uploads\/2025\/05\/malenka-194x300.jpg 194w\" sizes=\"(max-width: 420px) 100vw, 420px\" \/>\t\t\t\t\t\t\t\t\t\t\t\t\t\t\t<\/div>\n\t\t\t\t<\/div>\n\t\t\t\t<div class=\"elementor-element elementor-element-85b3cc7 elementor-widget elementor-widget-text-editor\" data-id=\"85b3cc7\" data-element_type=\"widget\" data-e-type=\"widget\" data-widget_type=\"text-editor.default\">\n\t\t\t\t<div class=\"elementor-widget-container\">\n\t\t\t\t\t\t\t\t\t<p>\u00a0<\/p><p>MALE\u0143KA NA ZIEMI &#8211; WIELKA W NIEBIE<br \/>Pod redakcj\u0105 Edoarda Spagnoliniego zebrane i u\u0142o\u017cone w zgrabnej formie wypowiedzi samej siostry Konsolaty i wyj\u0105tki z jej Dziennika. W przyst\u0119pnej, lekkiej i zwi\u0119z\u0142ej formie przybli\u017ca jej \u017cycie i duchowo\u015b\u0107.<\/p><p><a href=\"https:\/\/ksiegarnia.bernardinum.com.pl\/pl\/p\/Malenka-na-ziemi.-Wielka-w-niebie.-Siostra-M.-Konsolata-Betrone-klaryska-kapucynka\/2363\">wyd. Bernardinum 2025<\/a><\/p>\t\t\t\t\t\t\t\t<\/div>\n\t\t\t\t<\/div>\n\t\t\t\t<div class=\"elementor-element elementor-element-871d97b elementor-widget elementor-widget-image\" data-id=\"871d97b\" data-element_type=\"widget\" data-e-type=\"widget\" data-widget_type=\"image.default\">\n\t\t\t\t<div class=\"elementor-widget-container\">\n\t\t\t\t\t\t\t\t\t\t\t\t\t\t\t<img loading=\"lazy\" decoding=\"async\" width=\"435\" height=\"650\" src=\"https:\/\/kapucynkiostrow.pl\/wp-content\/uploads\/2025\/05\/drzwi.jpg\" class=\"attachment-large size-large wp-image-2960\" alt=\"\" srcset=\"https:\/\/kapucynkiostrow.pl\/wp-content\/uploads\/2025\/05\/drzwi.jpg 435w, https:\/\/kapucynkiostrow.pl\/wp-content\/uploads\/2025\/05\/drzwi-201x300.jpg 201w\" sizes=\"(max-width: 435px) 100vw, 435px\" \/>\t\t\t\t\t\t\t\t\t\t\t\t\t\t\t<\/div>\n\t\t\t\t<\/div>\n\t\t\t\t<div class=\"elementor-element elementor-element-7d8d8a6 elementor-widget elementor-widget-text-editor\" data-id=\"7d8d8a6\" data-element_type=\"widget\" data-e-type=\"widget\" data-widget_type=\"text-editor.default\">\n\t\t\t\t<div class=\"elementor-widget-container\">\n\t\t\t\t\t\t\t\t\t<p>JE\u015aLI MI DRZWI OTWORZYSZ&#8230;<br \/>&#8211; SNOPY \u015aWIAT\u0141A NA MALE\u0143K\u0104 DROG\u0118 MI\u0141O\u015aCI-<\/p><p>s\u0105 to zapiski S. MARII \u0141UCJI OD NAJ\u015aWI\u0118TSZEGO OBLICZA, klaryski kapucynki prze\u017cywaj\u0105cych swoje powo\u0142anie w klasztorze w Turynie Borgo Po, cz\u0119\u015bciowo r\u00f3wnie\u017c w tym samym czasie, co S. M. Konsolata Betrone. R\u00f3wnie\u017c ona by\u0142a c\u00f3rk\u0105 duchow\u0105 O. Lorenzo Salesa i tak\u017ce ona by\u0142a w g\u0142\u0119bokiej mistycznej relacji z Panem Jezusem.<br \/>Jej notatki O. Lorenzo przed swoj\u0105 \u015bmierci\u0105 przekaza\u0142 O. Renzo Del Fante, kt\u00f3ry je opracowa\u0142 i wyda\u0142 w formie tej w\u0142a\u015bnie ksi\u0105\u017ceczki.<\/p><p>wyd. Paulinianum Jasna G\u00f3ra 2025<br \/>(dost\u0119pna tylko w naszym klasztorze)<\/p>\t\t\t\t\t\t\t\t<\/div>\n\t\t\t\t<\/div>\n\t\t\t\t<div class=\"elementor-element elementor-element-9fddae3 elementor-widget elementor-widget-image\" data-id=\"9fddae3\" data-element_type=\"widget\" data-e-type=\"widget\" data-widget_type=\"image.default\">\n\t\t\t\t<div class=\"elementor-widget-container\">\n\t\t\t\t\t\t\t\t\t\t\t\t\t\t\t<img loading=\"lazy\" decoding=\"async\" width=\"504\" height=\"229\" src=\"https:\/\/kapucynkiostrow.pl\/wp-content\/uploads\/2021\/11\/cns.-ogrod-e1658090131504.jpg\" class=\"attachment-large size-large wp-image-1505\" alt=\"\" srcset=\"https:\/\/kapucynkiostrow.pl\/wp-content\/uploads\/2021\/11\/cns.-ogrod-e1658090131504.jpg 504w, https:\/\/kapucynkiostrow.pl\/wp-content\/uploads\/2021\/11\/cns.-ogrod-e1658090131504-300x136.jpg 300w\" sizes=\"(max-width: 504px) 100vw, 504px\" \/>\t\t\t\t\t\t\t\t\t\t\t\t\t\t\t<\/div>\n\t\t\t\t<\/div>\n\t\t\t\t<div class=\"elementor-element elementor-element-99fc9d3 elementor-widget elementor-widget-text-editor\" data-id=\"99fc9d3\" data-element_type=\"widget\" data-e-type=\"widget\" data-widget_type=\"text-editor.default\">\n\t\t\t\t<div class=\"elementor-widget-container\">\n\t\t\t\t\t\t\t\t\t<p><br \/>\u00a0 Zale\u017cy nam na tym, by podzieli\u0107 si\u0119 z Wami skarbem naszej Wsp\u00f3\u0142siostry i jej duchowej najmniejszej drogi mi\u0142o\u015bci&#8230; <br \/>Dlatego przyj\u0119\u0142y\u015bmy propozycj\u0119 nagrania kr\u00f3tkiego reporta\u017cu, kt\u00f3ry ukaza\u0142 si\u0119 w grudniu 2020 na YouTube<br \/><a href=\"https:\/\/www.youtube.com\/watch?app=desktop&amp;v=5LiCjV7mbyc\">TU<em>\u00a0FILM<\/em><\/a><em><br \/>Jezu, Maryjo, kocham Was, ratujcie dusze!<\/em><\/p>\t\t\t\t\t\t\t\t<\/div>\n\t\t\t\t<\/div>\n\t\t\t\t\t<\/div>\n\t\t\t\t<\/div>\n\t\t\t\t<\/div>\n\t\t","protected":false},"excerpt":{"rendered":"<p>Najnowsze, IV wydanie OR\u0118DZIE SERCA JEZUSA DO \u015aWIATAautorstwa O. Lorenzo Sales &#8211; Misjonarza Matki Bo\u017cej Pocieszenia,jej spowiednika i kierownika duchowego.Jest [&hellip;]<\/p>\n","protected":false},"author":1,"featured_media":0,"parent":0,"menu_order":0,"comment_status":"closed","ping_status":"closed","template":"","meta":{"_monsterinsights_skip_tracking":false,"_monsterinsights_sitenote_active":false,"_monsterinsights_sitenote_note":"","_monsterinsights_sitenote_category":0,"site-sidebar-layout":"default","site-content-layout":"","ast-site-content-layout":"default","site-content-style":"default","site-sidebar-style":"default","ast-global-header-display":"","ast-banner-title-visibility":"","ast-main-header-display":"","ast-hfb-above-header-display":"","ast-hfb-below-header-display":"","ast-hfb-mobile-header-display":"","site-post-title":"","ast-breadcrumbs-content":"","ast-featured-img":"","footer-sml-layout":"","ast-disable-related-posts":"","theme-transparent-header-meta":"","adv-header-id-meta":"","stick-header-meta":"","header-above-stick-meta":"","header-main-stick-meta":"","header-below-stick-meta":"","astra-migrate-meta-layouts":"default","ast-page-background-enabled":"default","ast-page-background-meta":{"desktop":{"background-color":"var(--ast-global-color-5)","background-image":"","background-repeat":"repeat","background-position":"center center","background-size":"auto","background-attachment":"scroll","background-type":"","background-media":"","overlay-type":"","overlay-color":"","overlay-opacity":"","overlay-gradient":""},"tablet":{"background-color":"","background-image":"","background-repeat":"repeat","background-position":"center center","background-size":"auto","background-attachment":"scroll","background-type":"","background-media":"","overlay-type":"","overlay-color":"","overlay-opacity":"","overlay-gradient":""},"mobile":{"background-color":"","background-image":"","background-repeat":"repeat","background-position":"center center","background-size":"auto","background-attachment":"scroll","background-type":"","background-media":"","overlay-type":"","overlay-color":"","overlay-opacity":"","overlay-gradient":""}},"ast-content-background-meta":{"desktop":{"background-color":"var(--ast-global-color-4)","background-image":"","background-repeat":"repeat","background-position":"center center","background-size":"auto","background-attachment":"scroll","background-type":"","background-media":"","overlay-type":"","overlay-color":"","overlay-opacity":"","overlay-gradient":""},"tablet":{"background-color":"var(--ast-global-color-4)","background-image":"","background-repeat":"repeat","background-position":"center center","background-size":"auto","background-attachment":"scroll","background-type":"","background-media":"","overlay-type":"","overlay-color":"","overlay-opacity":"","overlay-gradient":""},"mobile":{"background-color":"var(--ast-global-color-4)","background-image":"","background-repeat":"repeat","background-position":"center center","background-size":"auto","background-attachment":"scroll","background-type":"","background-media":"","overlay-type":"","overlay-color":"","overlay-opacity":"","overlay-gradient":""}},"ngg_post_thumbnail":0,"footnotes":""},"class_list":["post-1496","page","type-page","status-publish","hentry"],"_links":{"self":[{"href":"https:\/\/kapucynkiostrow.pl\/index.php\/wp-json\/wp\/v2\/pages\/1496","targetHints":{"allow":["GET"]}}],"collection":[{"href":"https:\/\/kapucynkiostrow.pl\/index.php\/wp-json\/wp\/v2\/pages"}],"about":[{"href":"https:\/\/kapucynkiostrow.pl\/index.php\/wp-json\/wp\/v2\/types\/page"}],"author":[{"embeddable":true,"href":"https:\/\/kapucynkiostrow.pl\/index.php\/wp-json\/wp\/v2\/users\/1"}],"replies":[{"embeddable":true,"href":"https:\/\/kapucynkiostrow.pl\/index.php\/wp-json\/wp\/v2\/comments?post=1496"}],"version-history":[{"count":59,"href":"https:\/\/kapucynkiostrow.pl\/index.php\/wp-json\/wp\/v2\/pages\/1496\/revisions"}],"predecessor-version":[{"id":3002,"href":"https:\/\/kapucynkiostrow.pl\/index.php\/wp-json\/wp\/v2\/pages\/1496\/revisions\/3002"}],"wp:attachment":[{"href":"https:\/\/kapucynkiostrow.pl\/index.php\/wp-json\/wp\/v2\/media?parent=1496"}],"curies":[{"name":"wp","href":"https:\/\/api.w.org\/{rel}","templated":true}]}}