{"id":1458,"date":"2021-10-18T22:15:12","date_gmt":"2021-10-18T20:15:12","guid":{"rendered":"https:\/\/kapucynkiostrow.pl\/?page_id=1458"},"modified":"2021-10-19T21:02:26","modified_gmt":"2021-10-19T19:02:26","slug":"artykuly-franciszkanskie","status":"publish","type":"page","link":"https:\/\/kapucynkiostrow.pl\/index.php\/artykuly-franciszkanskie\/","title":{"rendered":"artyku\u0142y franciszka\u0144skie"},"content":{"rendered":"\n<ul class=\"wp-block-list\"><li><a rel=\"noreferrer noopener\" href=\"https:\/\/kapucynkiostrow.pl\/index.php\/artykuly-franciszkanskie\/joseph-kard-ratzinger-homilia\/\" target=\"_blank\">Joseph Kard. Ratzinger <strong>KLARA ?CICHE S\u0141OWO \u017bYCIA? DAREM DLA KO\u015aCIO\u0141A<\/strong> -homilia<\/a><\/li><li><a href=\"https:\/\/kapucynkiostrow.pl\/index.php\/artykuly-franciszkanskie\/slowa-ojca-sw-franciszka-do-mniszek-klauzurowych-4-x-2013\/\" target=\"_blank\" rel=\"noreferrer noopener\"><strong>S\u0142owa<\/strong> <strong>Ojca \u015bw. Franciszka do mniszek klauzurowych<\/strong>, <br>Klasztor Klarysek w Asy\u017cu<\/a><\/li><li><a rel=\"noreferrer noopener\" href=\"https:\/\/kapucynkiostrow.pl\/index.php\/homilia-kard-parolin-san-giovanni-rotondo\/\" target=\"_blank\">Homilia Kard. Parolin`a, San Giovanni Rotondo, 13 IX 2015<\/a><\/li><\/ul>\n","protected":false},"excerpt":{"rendered":"<p>Joseph Kard. Ratzinger KLARA ?CICHE S\u0141OWO \u017bYCIA? DAREM DLA KO\u015aCIO\u0141A -homilia S\u0142owa Ojca \u015bw. Franciszka do mniszek klauzurowych, Klasztor Klarysek [&hellip;]<\/p>\n","protected":false},"author":1,"featured_media":0,"parent":0,"menu_order":0,"comment_status":"closed","ping_status":"closed","template":"","meta":{"_monsterinsights_skip_tracking":false,"_monsterinsights_sitenote_active":false,"_monsterinsights_sitenote_note":"","_monsterinsights_sitenote_category":0,"site-sidebar-layout":"default","site-content-layout":"","ast-site-content-layout":"default","site-content-style":"default","site-sidebar-style":"default","ast-global-header-display":"","ast-banner-title-visibility":"","ast-main-header-display":"","ast-hfb-above-header-display":"","ast-hfb-below-header-display":"","ast-hfb-mobile-header-display":"","site-post-title":"","ast-breadcrumbs-content":"","ast-featured-img":"","footer-sml-layout":"","ast-disable-related-posts":"","theme-transparent-header-meta":"","adv-header-id-meta":"","stick-header-meta":"","header-above-stick-meta":"","header-main-stick-meta":"","header-below-stick-meta":"","astra-migrate-meta-layouts":"default","ast-page-background-enabled":"default","ast-page-background-meta":{"desktop":{"background-color":"var(--ast-global-color-5)","background-image":"","background-repeat":"repeat","background-position":"center center","background-size":"auto","background-attachment":"scroll","background-type":"","background-media":"","overlay-type":"","overlay-color":"","overlay-opacity":"","overlay-gradient":""},"tablet":{"background-color":"","background-image":"","background-repeat":"repeat","background-position":"center center","background-size":"auto","background-attachment":"scroll","background-type":"","background-media":"","overlay-type":"","overlay-color":"","overlay-opacity":"","overlay-gradient":""},"mobile":{"background-color":"","background-image":"","background-repeat":"repeat","background-position":"center center","background-size":"auto","background-attachment":"scroll","background-type":"","background-media":"","overlay-type":"","overlay-color":"","overlay-opacity":"","overlay-gradient":""}},"ast-content-background-meta":{"desktop":{"background-color":"var(--ast-global-color-4)","background-image":"","background-repeat":"repeat","background-position":"center center","background-size":"auto","background-attachment":"scroll","background-type":"","background-media":"","overlay-type":"","overlay-color":"","overlay-opacity":"","overlay-gradient":""},"tablet":{"background-color":"var(--ast-global-color-4)","background-image":"","background-repeat":"repeat","background-position":"center center","background-size":"auto","background-attachment":"scroll","background-type":"","background-media":"","overlay-type":"","overlay-color":"","overlay-opacity":"","overlay-gradient":""},"mobile":{"background-color":"var(--ast-global-color-4)","background-image":"","background-repeat":"repeat","background-position":"center center","background-size":"auto","background-attachment":"scroll","background-type":"","background-media":"","overlay-type":"","overlay-color":"","overlay-opacity":"","overlay-gradient":""}},"ngg_post_thumbnail":0,"footnotes":""},"class_list":["post-1458","page","type-page","status-publish","hentry"],"_links":{"self":[{"href":"https:\/\/kapucynkiostrow.pl\/index.php\/wp-json\/wp\/v2\/pages\/1458","targetHints":{"allow":["GET"]}}],"collection":[{"href":"https:\/\/kapucynkiostrow.pl\/index.php\/wp-json\/wp\/v2\/pages"}],"about":[{"href":"https:\/\/kapucynkiostrow.pl\/index.php\/wp-json\/wp\/v2\/types\/page"}],"author":[{"embeddable":true,"href":"https:\/\/kapucynkiostrow.pl\/index.php\/wp-json\/wp\/v2\/users\/1"}],"replies":[{"embeddable":true,"href":"https:\/\/kapucynkiostrow.pl\/index.php\/wp-json\/wp\/v2\/comments?post=1458"}],"version-history":[{"count":5,"href":"https:\/\/kapucynkiostrow.pl\/index.php\/wp-json\/wp\/v2\/pages\/1458\/revisions"}],"predecessor-version":[{"id":1475,"href":"https:\/\/kapucynkiostrow.pl\/index.php\/wp-json\/wp\/v2\/pages\/1458\/revisions\/1475"}],"wp:attachment":[{"href":"https:\/\/kapucynkiostrow.pl\/index.php\/wp-json\/wp\/v2\/media?parent=1458"}],"curies":[{"name":"wp","href":"https:\/\/api.w.org\/{rel}","templated":true}]}}